03 + -97. Let i be (-3)/j*8 - -5. Let m(w) = 10*w - 2. Determine m(i).
8
Suppose -5*t = -45 + 15. Let z(l) = t*l + 1 + 5 + l**3 - 9 - 5*l**2. Suppose 5*f + m - 7 = 2*f, 5*f - 2*m - 30 = 0. Determine z(f).
5
Suppose 2*k = 5*x - 40, -k - 14 = 43*x - 44*x. Let a(l) = 2*l**2 + 12*l - 85. Determine a(k).
-5
Let q be -2 + (-3)/((-3)/(-2)). Let g(k) = 14*k - 4. Let r(l) = -l - 1. Let u(f) = -f. Let b(z) = r(z) - 4*u(z). Let m(h) = -9*b(h) + 2*g(h). What is m(q)?
-3
Let z(y) be the first derivative of -y**4/4 + 10*y**3/3 - 7*y**2/2 - 18*y - 120. Determine z(9).
0
Suppose 4*y - y + 3*a = 87, 2*y - 60 = -3*a. Let z = 138 + -132. Let u be ((-9)/z - y/(-10))*-5. Let i(h) = h + 7. Calculate i(u).
1
Let j = -63 + 65. Let x be (6/j)/(1 - (-13)/(-14)). Suppose -47 = -w - x. Let i(s) = 3*s - 7. Give i(w).
8
Let n(j) = 4*j**2 + j + 1. Let d(w) = -w**3 + 7*w**2 - 10*w - 13. Let g(t) = -d(t) + 4*n(t). What is g(-8)?
-31
Let v(u) = -8*u**3 - 2*u**2 + 12*u - 6. Let b(x) = -x**2 - 4*x + 1. Let w(z) = -5*b(z) - v(z). What is w(-1)?
-8
Let o(l) = l**2 - l - 7. Let v(s) = -3*s**2 + 61*s + 104. Let w be v(22). Calculate o(w).
35
Let j(k) = -7*k - 25*k - 20 + 72. Let a(u) = 10*u - 18. Let i(f) = -7*a(f) - 2*j(f). Give i(4).
-2
Let u(f) = 13*f. Let x be (-16 + 18)/((-1)/(4/2)). Calculate u(x).
-52
Let k be 0 + -6 + 12 + 2 + (2 - -1). Let g(j) = -j**2 + 11*j + 9. Calculate g(k).
9
Let v(w) = w**2 - 8*w + 5. Suppose -10*a + 36 = -6*a. Let r be 1 - 0 - ((a - 6) + 2). Let o be (-288)/126*14/r. What is v(o)?
5
Let f be 12/12*(-34)/2. Let t = -10 - f. Let j(z) = 9*z**2 + 5 - 13*z - 8*z**2 + 5*z. Determine j(t).
-2
Let f(g) = 7*g**2 + 2*g + 22. Let m be f(-7). Let c(k) = 355*k - 704*k + 24 + m*k. Calculate c(-12).
0
Let b(g) = -g**3 + 6*g**2 + 9*g + 7. Let a(c) = c**3 - 8*c**2 - 4*c - 18. Let m be a(9). Suppose -12 = -4*n - 4*f, f + m = n - 4*f. What is b(n)?
21
Let z(o) = o**2 + 16*o - 64. Suppose -4*s - 4*x + 40 = 0, -4*s + 3*x - 27 = -18. Determine z(s).
-7
Let q(m) = 82 + 10*m**2 - 10*m - 7*m**2 - m - 96 - 9*m. Calculate q(7).
-7
Let m(g) = 24*g**2 + 506*g + 525. Let y be m(-20). Let f(q) = 5*q**2 - 1 + 7*q - 4*q**2 - 2*q**2. Calculate f(y).
9
Let w(m) = 45*m - 29*m + 295*m**3 - 294*m**3 - 29 - 13*m**2. Calculate w(12).
19
Let l(v) = -26*v + v**2 - 49224 + 98500 - 49197. What is l(23)?
10
Let h(r) = r**2 - 4 + 182*r - 1 - 178*r. Suppose 3*a = n + 8, -4*n - 15 = -a + 6. Determine h(n).
0
Let d(p) = -6*p**3 - p. Let q(w) = -23*w**2 - 24*w**2 - 28*w + 48*w**2 - 92. Let t be q(31). Calculate d(t).
-7
Suppose 0 = -66*x - 1080 + 7680. Let o(h) = -109*h - 6*h**2 + 214*h + h**3 - x*h - 5. Give o(6).
25
Let n(t) = 36*t**2 + 2*t. Suppose -d = 4*j + 13, 480 = 3*d + j + 486. Calculate n(d).
34
Let t(s) = -3*s**2 + 182*s - 2715. Let r be t(27). Let o(i) = -3*i**2 + 43*i - 76. Determine o(r).
8
Let a = -21 - -8. Let b = a - -15. Let k be (5 - (-2)/b) + 1 + 0. Let y(z) = -z + 5. What is y(k)?
-2
Let s(d) = 3*d + 1. Let m = -50 - -58. Let l be (18/(-4))/(m/(-32)). Suppose y - l = 10*y. What is s(y)?
-5
Let j(u) = -2*u**3 + 8*u**2 - 4*u - 1. Let q be (((-12)/4)/(-3))/(-3 + 2) + 4. What is j(q)?
5
Let p(v) = 2*v**2 - 35*v + 457828 - 3*v**2 - 457802 + 4*v**2. Give p(11).
4
Let w(v) = -18*v - 33. Suppose 460*u - 440*u = -60. Determine w(u).
21
Let j = -2806 + 2806. Let o(t) be the third derivative of 0*t + 1/4*t**4 + j - 1/60*t**5 - 15*t**2 - 2/3*t**3. Determine o(6).
-4
Suppose g + 0*g = 5. Let q(z) = -13*z - 9. Let c(i) = -10*i - 8. Let m(f) = 6*c(f) - 5*q(f). Calculate m(g).
22
Let x(t) be the third derivative of t**5/30 - t**4/24 - t**3/3 + 54*t**2. Let u be (2 - 5)/((-5)/50). Let y be u/24 - 9/(-12). Give x(y).
4
Suppose -20*d - 38 = -6*b - 15*d, -3*d - 24 = -4*b. Let n(r) = 28*r - 1. Calculate n(b).
83
Suppose 456 = l - j, 0 = -2*l + 3*j - 2*j + 907. Let i(w) = -453*w**3 + 2 - 2 + l*w**3 + w. Let b = -3 - -4. What is i(b)?
-1
Let a be -1 - (-2)/(-2 + 3). Suppose -10*o + 1 + 9 = 0. Let n(s) = 4 + 5 - 6*s - 9 - o. Give n(a).
-7
Let b be 27/15*(8 + -3). Suppose -l + 5*x = -21, -l - x + b = -2*x. Let n(s) = -s**3 + 7*s**2 - 5*s + 7. Calculate n(l).
13
Let g(n) = -11*n**2 - 46*n - 67. Let k(c) = -4*c**2 - 16*c - 22. Let o(f) = -3*g(f) + 8*k(f). Calculate o(-4).
1
Let u(i) = 235 + 15*i - 444 - 269 + 7*i - 12*i. Determine u(48).
2
Let c = 874 + -864. Suppose -c = -l - 8. Let h(r) = -3 - r + 2 + 3. Give h(l).
0
Let q be 5*(-44)/(-385) - 36/14. Let i(w) = w**2 + 4*w. Calculate i(q).
-4
Suppose 101 + 432 = 57*z + 134. Let s(j) = -j**3 + 8*j**2 - 9*j + 8. Give s(z).
-6
Let y(c) = -c**3 - c**2 - 2*c - 6. Let z be y(-2). Let v(w) = 4*w + 6 - 2*w**2 + 3*w**z + w + 0*w. Suppose -4*g + 28 = -4*a, -2*g + 4 = -0. Give v(a).
6
Let x(z) = -z**2 + 5*z - 24. Let b(j) = j**3 - 36*j**2 + 311*j + 204. Let w be b(17). Give x(w).
-24
Let h(z) = z**3 + z - 11. Let c be -3 + 96/9 + (-12)/18. Suppose 0 = 4*q - c*q, -4*n = 3*q. What is h(n)?
-11
Let f(s) = -s**2 - 4*s - 15. Suppose 69942*i - 48 = 69954*i. Give f(i).
-15
Let h be 24 + -15 + 9 + -2. Let y(l) = h + 16 + 10*l + 16 - 48. Determine y(-2).
-20
Let i(q) = 549*q**2 - 2743*q - 13. Let f be i(5). Let x(c) be the third derivative of -c**4/24 - c**3/3 + c**2. Calculate x(f).
1
Let n(m) = 83*m - 19*m - 528 - 11*m + 28*m - 5*m. Calculate n(7).
4
Let i(w) be the first derivative of -w**4/4 + 7*w**3 + 73*w**2/2 - 30*w - 5664. What is i(24)?
-6
Let m(u) = 17 - 5966*u**2 - u - 13 + 5967*u**2. Calculate m(4).
16
Suppose -4*z - 820 = -5*a, 172 + 33 = -z - 2*a. Let y = z + 197. Let h(s) = s**3 + 7*s**2 - 8*s - 4. Determine h(y).
-4
Let o(w) = -w**3 - 23*w**2 + 16*w - 154. Let b be o(-24). Suppose 5*m - 2*m + 117 = 0. Let q = b + m. Let r(h) = -11*h**3 - h**2 + h + 1. Give r(q).
10
Suppose -381 = -38*m - 202 + 619. Let x(q) = q**2 - 22*q + 16. What is x(m)?
-5
Let g = -11549 + 11551. Let r(j) = j**3 - 4*j**2 + 35*j - 64. What is r(g)?
-2
Let o = -2090 - -2064. Let b(v) = -v - 23. Determine b(o).
3
Suppose -929*l = -983*l. Let i(a) be the third derivative of 0 - 1/8*a**4 + 1/2*a**3 - 6*a**2 + l*a**5 + 1/60*a**6 + 0*a. Determine i(2).
13
Let i(k) = 42 + 16 + 2*k - 31 + 15. What is i(-25)?
-8
Let t(g) be the first derivative of g**4/2 + 7*g**3/3 + 4*g**2 + 17*g + 816. Give t(-3).
2
Suppose -5*n - 3 = -13. Let m(x) = x - 1. Let d(a) = -a - 1. Let o(l) = 16*l + 3. Let u(p) = -4*d(p) - o(p). Let f(q) = n*m(q) + u(q). Determine f(-2).
19
Let o(i) = i**2 + 5*i - 6. Let v = -268 - -273. Let n be v + -1 + 88/(-8). Determine o(n).
8
Let w(x) = 6*x + 1. Let p(r) = r**2 + 7*r - 14. Let m be p(2). Suppose 386 = -m*y + 26. Let c = -89 - y. Give w(c).
7
Let q(g) be the first derivative of -10*g**2 - 791*g - 9877. Give q(-40).
9
Let f(b) be the first derivative of -2*b**2 + 55*b + 2929. Give f(12).
7
Let d(p) = -p**2 - 2*p - 1. Suppose 3*a - 52 = 5*o, 7*a = 3*a - 5*o + 11. Let s(y) = -3*y + 25. Let q be s(a). What is d(q)?
-1
Let j(f) = -2*f**3 + 4*f**2 - 3*f + 1. Let z = -297 - -299. Suppose -4*o + 3 = 5*x, -7*o + 5*x + 15 = -z*o. What is j(o)?
-5
Suppose 0 = 156*p - 680 - 256. Let b(r) = -3*r + 1. Give b(p).
-17
Let z(x) = -169*x - 1012. Let c be z(-6). Let q(v) be the first derivative of -42 + 3*v + 1/4*v**4 - c*v**3 - 3*v**2. Calculate q(7).
10
Let q(p) = -7*p - 87. Let a(m) = -12*m - 170. Let f(t) = 6*a(t) - 11*q(t). Give f(10).
-13
Let b be ((-2)/(-4))/(82/(-40) + 2). Let y(v) = 3*v + 21. Let l(w) = -3*w - 19. Let h(t) = 2*l(t) + 3*y(t). Calculate h(b).
-5
Let f(k) be the second derivative of 0*k**3 + 1/2*k**2 + 3/10*k**5 - 23*k + 0*k**4 + 0. Suppose -22*p = -10*p + 12. Calculate f(p).
-5
Let j(b) be the third derivative of 0*b + 1/30*b**6 + 0 + 1/20*b**5 - 1/8*b**4 + 0*b**3 + 98*b**2. Calculate j(2).
38
Let i(a) = 9*a**3 + a**2 - 19*a + 18. Let d = 48 - 47. Let g be i(d). Let z(w) = -5*w + 12. What is z(g)?
-33
Suppose 117*x = -43*x - 486*x - 3230. Let h(v) be the third derivative of -v**4/6 + 11*v**3/6 - 2*v**2. Give h(x).
31
Let d(j) = -6 + 39*j**2 + 18*j - 40*j**2 - 7*j. Let o = 48 + -37. What is d(o)?
-6
Let p(v) be the third derivative of -v**6/120 + v**5/12 + 3*v**4/8 - 4*v**3/3 + 15388*v**2. Let n = -3 + 9. What is p(n)?
10
Suppose 0 = 22*m + 3958 + 640. Let n = m - -206. Let t(x) = x + 4. Determine t(n).
1
Suppose -u + 4 = u. Let d(v) = v**3 + 4*v**u + 4 - 6*v + 3*v**2 - 